 Let a be p(-6). Suppose 3*x - 34 = -4*n + a, -3*n = 2*x - 38. What is the units digit of (-4)/n*81/(-3)?
9
Let i be (-2)/(-4) + 6/4. Suppose r - 5*c - 7 = -3*r, 0 = -r + i*c - 2. What is the units digit of r?
8
What is the units digit of -3 + 6 + 5 + -3?
5
Let r = 4 + 0. Let v(l) = 0 + 3*l - 4 + l**2 - 4*l + 3. What is the tens digit of v(r)?
1
Let q(j) be the second derivative of -j**5/60 - j**4/24 + j**3/6 - 2*j. Let k(g) be the second derivative of q(g). What is the units digit of k(-2)?
3
Let m(y) = -y**3 + 5*y**2 + 8*y - 9. Let s be m(6). Let t(l) = 2*l**3 - l**2 - 4*l + 5. What is the tens digit of t(s)?
3
Let n(z) be the third derivative of -z**5/60 - 11*z**4/24 - z**3/6 - 2*z**2. What is the units digit of n(-9)?
7
Let r be ((-12)/(-9))/((-2)/48). What is the units digit of r/(-6)*3/2?
8
Suppose -5*a = 15, 2*q + a - 67 = -3*q. Suppose -6*l = 2*k - l - q, 0 = 5*l. What is the units digit of k?
7
Let x(a) = 241*a - 5. What is the hundreds digit of x(1)?
2
Suppose i - 112 = -2*q + 3*i, -166 = -3*q + 5*i. What is the units digit of q?
7
Let n be (370/15)/((-2)/(-3)). Let j = n + -15. What is the units digit of j?
2
Let m = 0 - -38. What is the tens digit of m?
3
Suppose 7*t - 6 = 4*t. Let j(o) = 2*o**2 - o. Let z be j(4). Suppose f = -t*m + 10, 3*m - 6*f = -f + z. What is the units digit of m?
6
Suppose -1 = m - 9. Let n = m + -12. What is the units digit of ((-21)/(-6))/((-2)/n)?
7
What is the units digit of (-10)/35 - 48/(-21)?
2
What is the hundreds digit of 5/(-15)*-9*79?
2
Let o(b) = b**3 - 7*b**2 - 4*b + 8. What is the tens digit of o(9)?
3
Let g = 2 - 3. Let d = -17 - 10. What is the units digit of (d/(-6))/g*-2?
9
Let r = -1 + -2. What is the units digit of r/(-6) - (-39)/2?
0
Let d = 0 + -11. Let g = 51 + d. Suppose 10*c - g = 5*c. What is the units digit of c?
8
What is the units digit of ((-48)/14)/((-4)/28)?
4
Let d(b) = -b**3 - 18*b**2 - 18*b - 6. What is the tens digit of d(-17)?
1
What is the units digit of (15/(-10))/(6/(-16))?
4
Suppose 3*p = -5*z + 678 - 9, -1099 = -5*p - 3*z. What is the tens digit of p?
1
Let a = 452 + -322. What is the units digit of a?
0
Let d(i) = i**3 + 5*i**2 - 5*i + 8. Let h be d(-6). Suppose -g - 10 = -3*s, 3*g + 7*s = h*s + 26. What is the units digit of g?
2
Let h(s) = -s**3 - 7*s**2 - 7*s - 5. Let g be h(-5). What is the tens digit of (-292)/g - 2/(-5)?
1
Let h(l) = 2*l**2 - 5*l - 3. What is the units digit of h(4)?
9
What is the units digit of 1*(-3)/2*(-4)/3?
2
Suppose 28*o + 292 = 32*o. What is the units digit of o?
3
Let h(y) = y**3 - y**2. Let p(b) = 4*b**3 - 12*b**2 - 6*b + 5. Let o(r) = -r + 5. Let d be o(4). Let a(q) = d*p(q) - 5*h(q). What is the units digit of a(-6)?
5
Let i(v) = -v**3 + 18*v**2 + 2. Let g be i(18). Suppose -m - g = 0, 5*d + 4*m = 38 + 109. What is the tens digit of d?
3
Suppose -x + 1 = -2. What is the units digit of x?
3
Suppose 4*p = p + 24. Let t = 5 - p. What is the units digit of 3/2*(-14)/t?
7
Let s = -40 - -151. What is the hundreds digit of s?
1
Suppose -2*l + l = 3*b, 0 = -3*l - 4*b + 5. Let p be (44/33)/((-2)/(-3)). Suppose l*a - p*a = 10. What is the tens digit of a?
1
Let g = -44 + 83. What is the units digit of g?
9
Let p be 44/(-6)*(-3)/2. Let b = p + 23. What is the tens digit of b?
3
Suppose 4*s + 8 = -92. What is the tens digit of 69/5 + (-5)/s?
1
Let x = -23 + 61. What is the units digit of x?
8
Let w be (-10)/((-6)/3 - -1). Let p be (-3 + 1)/((-2)/w). What is the units digit of (p/3)/((-2)/(-3))?
5
What is the tens digit of (5 - -2 - 2*2)*24?
7
Suppose 0 = -4*b + 93 + 67. What is the tens digit of b?
4
What is the hundreds digit of 2/(-1)*(4 + (-314)/4)?
1
Let h = -535 - -806. What is the units digit of h?
1
Suppose -5*w = 2*a - 0*a - 84, 3*w - 44 = 2*a. What is the units digit of w?
6
Let s(z) = 2*z - 6. Let k be s(5). Let q = k + -8. What is the units digit of (-7 - -3)/(2/q)?
8
Suppose -3*r = -8*r + 100. What is the tens digit of r?
2
Suppose -2*t = n - 8, -5*n = -5*t - 19 - 6. Suppose n = -3*b - 0. Let x = b + 5. What is the units digit of x?
3
Suppose i - 2*i = -2. Suppose -i = -q + 26. What is the tens digit of q?
2
Let q(z) = z**3 + 7*z**2 - 9*z - 6. Let m be q(-8). Suppose -4*y - m = -10. Suppose -2*g - 3*b - y*b = -4, 4*g = 4*b + 8. What is the units digit of g?
2
Let a(o) = -2*o + 5. Let t be (0 - 3)/((-1)/(-1)). What is the tens digit of a(t)?
1
Suppose -3*r - 3*c = c + 17, 3*c = -15. Suppose -m + 9 + r = 0. What is the tens digit of m?
1
Suppose 0 = 3*s + 5*g + 73, -2*g - 2*g + 47 = -s. Let c = -16 - s. What is the units digit of c?
5
Let a(b) = b**2 - 6*b + 1. Let n be a(6). Let q = n + 2. Suppose l - q*m + 6 = 25, 15 = 5*l + 5*m. What is the units digit of l?
7
Suppose -12 = -0*c - 3*c - 3*x, 0 = 4*x - 4. Suppose c*h + 0*h = 12. Suppose -t - 5*j + 0*j + h = 0, 0 = -3*j. What is the units digit of t?
4
Suppose -n = -1 + 3. What is the units digit of (n/3)/((-4)/54)?
9
What is the tens digit of 22/(-99) - 760/(-18)?
4
Suppose -3*j = u - 0*j - 13, 3*u - 5*j = 95. What is the units digit of u?
5
Let h be -12 - 1 - (5 - 8). Let f = 16 + h. What is the units digit of f?
6
Let l = 62 - -74. What is the tens digit of l?
3
Let o(x) = x**2 + x + 21. What is the units digit of o(0)?
1
Suppose -50*q = -46*q - 204. What is the tens digit of q?
5
Let m = -6 - -9. Suppose 3*n = -2*n + a + 18, 0 = -4*n - m*a + 22. What is the tens digit of (10/n)/((-2)/(-12))?
1
Let v(q) = -3*q**3 - q**2 - 2*q. Suppose 7*x - 3*x - 8 = 0. Let o be v(x). What is the units digit of o/(-18) + 6/27?
2
Let n(f) = -11*f**2 + 10*f + 1 - 2*f**3 + 0 + 4 + 3*f**3. What is the units digit of n(10)?
5
Let x(q) = q + 12. Let k be x(-9). Let n(o) = 0*o**k - 1 - 4*o + 2*o - 2*o**3. What is the units digit of n(-1)?
3
Suppose -2*r + 6 = 2*g, -2*r = -0*r + g - 6. Suppose 2*i + r = -i. What is the units digit of (3/(-2))/(i/2)?
3
Suppose -6*r + 2*r + 8 = 0. Let w be 362/8 + r/(-8). Suppose 11 = 4*q - w. What is the units digit of q?
4
Suppose -5*w + 0*w = -20. What is the units digit of w?
4
Suppose o - 2*g = 3*o - 312, g = -2*o + 310. What is the tens digit of o?
5
Suppose -s + 5 = 8. Let j(x) = -4*x + 1 - 5 - 4*x - x**2. What is the units digit of j(s)?
1
Let o(f) = f**3 - 7*f**2 + 6*f + 4. What is the units digit of o(6)?
4
Let j = 8 + -5. Suppose f + 8 = j*g, f - 14 = -4*g - f. What is the units digit of g?
3
Suppose -f - 2*x = -199, -4*f - 5*x + 792 = -x. What is the tens digit of f?
9
Let a = 34 + -9. What is the tens digit of a?
2
Let o be 6*(3/(-3))/(-1). Suppose -4*g = -5*a + 19, 0 = -2*g - o + 14. What is the units digit of a?
7
Let k(h) = -2*h**2 - h. Let m(y) = 6*y**2 + 4*y - 1. Let n(t) = 11*k(t) + 4*m(t). What is the units digit of n(-4)?
8
Let h be ((-16)/3)/4*6. Let o = h + 29. What is the tens digit of o?
2
Let c = -163 + 248. What is the tens digit of c?
8
Suppose 0 = 2*u + 3*c - 5, -3*u + 4 = 2*u - c. Let j be (-1 - -2)*(-5)/u. Let g = 6 + j. What is the units digit of g?
1
Suppose -3*t + 11 = -4. Suppose -y + 10 = -3*y, 0 = 4*z - t*y - 77. What is the units digit of z?
3
Suppose 19*z - 13*z = 780. What is the tens digit of z?
3
Let b = 16 + -15. What is the units digit of b?
1
Let i = 233 - 51. What is the units digit of i?
2
Let h = -6 - -2. What is the units digit of (-4)/(h/144*3)?
8
Let h = -1 - -1. Suppose 2*i - 4*v = i - 10, -4*i - 3*v = -17. Let a = i + h. What is the units digit of a?
2
Let k be 1/(3/2 - 1). Let j = 13 + k. What is the tens digit of j?
1
Suppose 4*g + 73 - 25 = 0. What is the units digit of -2*2/g*33?
1
Let l(f) = f**3 - 4*f**2 - 7*f + 3. Let p be l(5). Let u(k) be the first derivative of k**3/3 + 5*k**2/2 - 9*k - 7. What is the units digit of u(p)?
5
Let f = 576 + -351. What is the hundreds digit of f?
2
Let d = -42 + 21. Let v = d + 36. What is the tens digit of v?
1
Let u(x) = -x**3 - 7*x**2 + x - 3. Let k be u(-7). Let b = k + 14. Suppose 6 = 2*i - 3*n, -27 - 29 = -b*i - 5*n. What is the units digit of i?
9
Let j(t) be the first derivative of -t**3/3 + 7*t**2/2 + 2. Let d be j(7). Suppose d*i + i = 3. What is the units digit of i?
3
Let x(d) = -d**2 + 7*d + 13. What is the tens digit of x(7)?
1
Let t(y) = -19*y**3 + y**2 - 2*y - 3. Let p(q) = -94*q**3 + 5*q**2 - 11*q - 16. Let o(h) = -2*p(h) + 11*t(h). What is the tens digit of o(